t n = 4 - 4. Let q(s) = s - 1. Let u(p) = -7*p + 14. Let w(h) = 6*q(h) + u(h). Give w(n).
8
Let z(b) be the second derivative of 3*b**3/2 - b**2/2 - 14*b. Give z(2).
17
Let v(k) be the first derivative of -k**3/3 - k**2/2 + 5*k + 8. Calculate v(-4).
-7
Let z(m) = 3*m + 1. Suppose 0*b - 2*b - p = 0, 5*b + 4*p = -6. Let w(h) = 0 + 2*h - h**3 - h**2 + 3 - 5*h + 4*h**2. Let a be w(b). What is z(a)?
4
Suppose 0 = 3*m - 2*m + 6. Let n(x) = -8*x**2 + 3*x - 5. Let g(u) = -7*u**2 + 3*u - 4. Let o(c) = m*n(c) + 7*g(c). What is o(5)?
-8
Let k(r) = r. Let i be 46/(-115) - (0 - (-28)/5). What is k(i)?
-6
Let d(j) = -2*j**3 + 2*j**2 - 3*j - 1. Let m(z) = 3*z**3 - 3*z**2 + 3*z + 1. Let f(g) = -4*d(g) - 3*m(g). Calculate f(-2).
7
Suppose 0 = -2*w - 3*w. Let h(v) be the second derivative of -3*v + 1/12*v**4 + 0 + 1/6*v**3 + 7/2*v**2. What is h(w)?
7
Let s(w) = 8*w - 5. Let g(f) = -20*f + 12. Let t(r) = 5*g(r) + 12*s(r). Calculate t(2).
-8
Let x(y) = -y - 2. Let w be x(0). Let m(s) = -9*s - 4*s + 1 - 2 + 2*s**3 + s**2 + 10*s. What is m(w)?
-7
Let g(l) = l**2 + 8*l - 10. Let c be g(-8). Let n be (4/c)/(4/(-60)). Let x(f) = -13*f + 1. Let p(a) = -12*a + 1. Let w(q) = n*x(q) - 7*p(q). What is w(1)?
5
Let y(f) = -8*f**3 + 4*f**3 + 4*f**3 + f + f**3 - 5*f**2. Give y(4).
-12
Let i = -47 - -40. Let y(a) = -a**3 - 6*a**2 + 8*a - 3. Give y(i).
-10
Let q(a) = 4*a**2 - a + 1. Let m(n) = n**3 - 2*n. Let p be m(2). Suppose p*g - 3 = g. Determine q(g).
4
Let b(x) = -x + 14. Let i = 38 - 26. Determine b(i).
2
Suppose 42 = 91*k - 85*k. Let u(q) = -q**3 + 7*q**2 + 2*q - 9. Give u(k).
5
Suppose -n = x - 16, -4*x - n = -3*n - 34. Let w = -31 + 15. Let y = x + w. Let k(f) = 2*f + 6. Give k(y).
-4
Let k(y) be the first derivative of 7*y**4/4 + y**3/3 - y**2/2 - y - 7. Calculate k(-1).
-6
Let v(i) be the second derivative of i**4/12 + i**3/2 - i**2 - 16*i. What is v(-4)?
2
Let l(j) = j**2 + 5*j + 6. Let c = -6 + 8. Suppose 3*p - 2*p = -3*f + 5, p = c*f. Suppose -p*v = 2*s - 6*v + 22, -2*v = s - 1. Determine l(s).
6
Let i(l) = -l**2 - 8*l + 11. Let u be i(-9). Let r(s) = -3*s + 2*s**2 + 4*s - 10*s**u. Suppose 4 = -0*f + 4*f. Give r(f).
-7
Let n be 12/8*(-14)/(-3). Let i(b) = -b**3 + 6*b**2 + 8*b - 10. Determine i(n).
-3
Let q(j) = -2*j + 2. Suppose 9 = -4*n - 3. Let h be (-249)/(-15) - n/(-5). Suppose -h = t - 4*r, 6 = 4*r - 6. Determine q(t).
10
Let f(d) be the third derivative of -d**6/120 - d**5/10 + 5*d**4/12 + 7*d**3/6 + 23*d**2. Calculate f(-7).
-14
Let f(c) = -c**2 - c - 4. Let y be (-2 + 3)*(5 + 0). Let o = 5 - y. Let x be f(o). Let m(k) = -k**2 - 5*k - 4. What is m(x)?
0
Let l = -5 - 0. Suppose -u = -5 - 0. Let j(i) = 0*i - i + 1 - u*i - i**2. Calculate j(l).
6
Let w(r) = -6*r - 2 - 2*r + 2*r. Let f(v) = v**2 - 13*v - 4. Let m be ((-2)/3)/(3 - 188/60). Let o(z) = m*w(z) - 2*f(z). What is o(-2)?
-2
Let l(t) = -4*t**3 - 3. Let p(d) = 5*d**3 + d**2 + 4. Let u be -4 + 3 + (5 - 0). Let q(w) = u*l(w) + 3*p(w). Give q(3).
0
Let s(t) be the second derivative of -t**4/12 - 11*t**3/6 + 15*t**2/2 - 5*t. Let k be s(-12). Let n(i) = -4*i - 1 + i**2 + 4*i. Determine n(k).
8
Let o = -10 - -9. Let v(w) = -7 + 6 - 5*w**3 + 0*w**3 - w + w**2. Calculate v(o).
6
Let h(c) be the third derivative of c**6/120 + c**4/24 + 7*c**2. Suppose 9*x = 4*x. Calculate h(x).
0
Let w(s) be the second derivative of -7*s**3/6 + s**2/2 + 12*s. What is w(1)?
-6
Let n(g) be the third derivative of -g**6/120 + g**5/6 - g**4/3 + 19*g**2. Calculate n(9).
9
Let l(o) be the first derivative of o**4/2 - o**3/3 + o**2/2 + o + 19. Give l(-1).
-3
Let p(i) = 2*i**2 - 2*i. Let d(k) = k**2 - 8*k + 9. Suppose 3*t + 5*x + 12 = 38, 0 = t + 3*x - 10. Let j be d(t). Determine p(j).
4
Let r(l) = -597*l + 0 + 598*l - 1. Determine r(-6).
-7
Suppose -3 = -y - 0*y. Let x(w) = -4*w**2 + 1 - y*w - 2*w + w**3 + 7*w**2. Let t be -3 - (1 + 1 + -1). What is x(t)?
5
Let l = -17 + 19. Let q(g) = 8 - l*g**2 - 3 + 2*g**2 - g**2 + 6*g. What is q(6)?
5
Let u(s) = 7*s - 2. Let w be u(2). Let j be (-4)/6 - 4/w. Let p(t) = -6*t. Calculate p(j).
6
Let x be (-5 - -3)/(-1*1). Let n(j) = 2*j**3 + x*j**3 - 5*j**3 - j - 1. Calculate n(0).
-1
Suppose 0 = 4*o - 2*p + 4 - 18, o - 5*p = 8. Let u(g) = 2*g + o*g - g - 3*g. Give u(3).
3
Let n(v) = -v**2 + 5*v - 6. Suppose -6*t = -3*t - 12. Let o be n(t). Let g(y) = 2*y**2 - 3*y - 3. Determine g(o).
11
Let u(r) = 3 + r**3 - 5*r**2 - 7*r**2 + 4*r**2 - 9*r - 2. Calculate u(9).
1
Let a(t) = -9 + 9*t**3 + 6*t**2 + 10*t + 11*t**3 - 2*t - 21*t**3. What is a(7)?
-2
Let d(q) = -q**3 - 6*q**2 - 6*q + 4. Suppose 0*w + 2*w + 6 = -2*y, 10 = -4*w - 5*y. What is d(w)?
9
Let g(t) = -t. Let p(b) = b**2 - 6*b. Let d(l) = -2*g(l) + p(l). Give d(4).
0
Suppose 0 = 3*p - 3 + 15. Suppose -2*r - 9 = -5*r + 3*u, 3*r + 5*u = 9. Let x(k) = 4*k**2 - r*k + 6 + 9*k - 3*k**2. What is x(p)?
-2
Let h be 1/(-2) + (-17)/(-2). Let m(n) = n**3 - 7*n**2 - 8*n - 3. Calculate m(h).
-3
Suppose -27 = 5*v - 4*p + 1, -v = 2*p. Suppose -4*h - 4 + 12 = 0. Let c(y) = -7*y + 0*y**3 - 6*y**2 - 5 + 0*y**h - y**3. Give c(v).
-9
Let h(i) = -i**2 + 1. Let p(l) = 4*l**2 - 5*l - 2. Let r(q) = -5*h(q) - p(q). What is r(-5)?
-3
Let t(k) = -10*k - 2. Let s be t(2). Let f = 25 + s. Let u(o) = 2*o - 1. Determine u(f).
5
Let h(t) = t**3 - 4*t**2 + 4*t - 3. Let w be h(3). Let b = 4 - w. Let m(s) = s - 1. Let o be m(b). Let k(y) = -2*y + 3. What is k(o)?
-3
Let t = 1 - 0. Let x(b) = 9*b**2 + 2*b - 3. Let g(i) = 17*i**2 + 3*i - 5. Let k(z) = -3*g(z) + 5*x(z). Give k(t).
-5
Let j(l) = 4*l**2 - l - 2. Let n(d) = 9*d**2 - 2*d - 5. Let s(w) = -5*j(w) + 2*n(w). Let a(r) = -r**3 + 10*r**2 - 8*r - 7. Let f be a(9). Calculate s(f).
-6
Let g(t) = -15*t**2 - 6*t + 1. Let o(f) = 44*f**2 + 17*f - 3. Let k(i) = -17*g(i) - 6*o(i). What is k(1)?
-8
Let h = -1 + 1. Let b(q) = 0*q**2 + q - 1 + q**2 + h*q. Let d be -1 + -2 + -3 + 3. Give b(d).
5
Let n be ((-2)/4*0)/2. Let h be n/(-9) + 0 + -3. Let z(a) = a**3 + 2*a**2 - 5*a - 2. Give z(h).
4
Let r(c) be the first derivative of c**4/4 - 4*c**3/3 - c**2 + 4*c + 2. Let v = 0 + 0. Suppose -2*z + 8 = -v. Give r(z).
-4
Let p(g) = -10*g**2 - g + 11*g**2 + 5*g + 1 - 5*g. Let q = 3 - 9. Let s(k) = k**3 + 7*k**2 + 7*k + 7. Let m be s(q). Calculate p(m).
1
Let d(s) be the third derivative of s**6/10 - s**5/60 - 12*s**2. Let w be ((-4)/6)/(4/(-6)). What is d(w)?
11
Let s(b) = -b**2. Let g(c) = c**2 - 4*c + 4. Let w be g(3). Suppose -2 = n + w. Calculate s(n).
-9
Suppose -5*l - 3*y = -y + 13, 8 = -2*l + 2*y. Let b(c) = -c**2 + 1 + 4*c - 6*c + 3*c**2 + 6*c. Calculate b(l).
7
Let k = 9 - 3. Let q be ((-2)/k)/((-1)/6). Suppose -4*i = i + q*j + 28, -j - 20 = 4*i. Let t(n) = -n**3 - 6*n**2 - 5*n + 4. Give t(i).
-8
Let b(n) = -n**2 - 3*n + 6. Let v = -1 - 4. Let i be b(v). Let g(z) be the first derivative of z**2/2 - 4*z + 16. Determine g(i).
-8
Let v(r) = -19*r**2 - 13*r**2 + 53*r**2 - 16*r**2. Determine v(2).
20
Let g(h) = -h - 8. Let f(j) = -6*j - 39. Let r(s) = -2*f(s) + 11*g(s). Determine r(7).
-3
Let u(k) be the third derivative of k**5/60 - 5*k**4/12 + 5*k**3/3 + 19*k**2. Determine u(7).
-11
Let k(l) = l**2 + 3*l + 5. Suppose -f = -0*f - 24. Suppose 0 = -5*j - j - f. Give k(j).
9
Let t(r) = -r + 4*r**2 - r - 928 + 930. What is t(2)?
14
Let z(d) = 0*d - 4*d + 0*d. Suppose -5*f - 2 = 3. Let s be ((-2)/(-4))/(f/4). Give z(s).
8
Let v be 8 - (-4)/(-2)*1. Let f(w) = 4. Let p(s) = -s - 11. Let t(k) = -3*f(k) - p(k). What is t(v)?
5
Suppose 0 = v - 2*v + 3. Suppose 2*x = v*k + 11, 4*k + 11 = 3*x - 4. Let b(c) = -3*c - 2. What is b(k)?
7
Let q be (0 - 2)*2/4. Let n = 1 - -2. Let f(p) = 3 - n - 2*p. Determine f(q).
2
Let c = 0 - -1. Let m(q) = 2*q + c - 4*q + 0. Let b be m(-2). Let k(y) = y**2 - 6*y - 2. Calculate k(b).
-7
Let s(i) = -8 + 5*i - 5*i - i + i**2. Let y(v) = -2*v - 8. Let z be y(-4). Give s(z).
-8
Let q(f) be the first derivative of f**2 + 2*f - 1. Let x(z) be the second derivative of -z**3/3 - z**2 + 3*z. Let w be x(1). What is q(w)?
-6
Let k(i) = -i + 4. Let p be (-540)/(-100) - 4/10. What is k(p)?
-1
Let f(y) = -y. Let p(w) = -4*w - 2. Let a(c) = 3*f(c) - p(c). Let d(v) = -2*v**3 - 3*v**2 - 2*v. Let g be d(-2). Let b be 18/(-14) - g/(-28). What is a(b)?
1
Let s be (-39)/(-6) - 6 - (-9)/2. Let z(v) = v - 5. Determine z(s).
0
Let m(k) be the thir